{"id":209,"date":"2024-06-05T22:26:04","date_gmt":"2024-06-05T20:26:04","guid":{"rendered":"https:\/\/wp.physik.uni-bielefeld.de\/?page_id=209"},"modified":"2025-11-07T13:50:40","modified_gmt":"2025-11-07T12:50:40","slug":"experimentiervideos-sekundarstufe-i","status":"publish","type":"page","link":"https:\/\/wp.physik.uni-bielefeld.de\/?page_id=209","title":{"rendered":"Experimentiervideos &#8211; Sekundarstufe I"},"content":{"rendered":"<p>Auf dieser Seite finden Sie die (interaktiven) Experimentiervideos, die f\u00fcr Sch\u00fcler*innen der Sekundarstufe I geeignet sind. Um sich ein Experimentiervideo anzusehen, klicken Sie bitte auf das entsprechende Bild.<\/p>\n<h4>Mechanik<\/h4>\n<p>Beschleunigung an der schiefen Ebene<\/p>\n<p><a href=\" https:\/\/wp.physik.uni-bielefeld.de\/?page_id=411\"><img loading=\"lazy\" decoding=\"async\" class=\"aligncenter wp-image-415\" src=\"https:\/\/wp.physik.uni-bielefeld.de\/wp-content\/uploads\/2025\/06\/Bildschirmfoto-2025-06-25-um-15.18.38-300x169.png\" alt=\"\" width=\"190\" height=\"107\" srcset=\"https:\/\/wp.physik.uni-bielefeld.de\/wp-content\/uploads\/2025\/06\/Bildschirmfoto-2025-06-25-um-15.18.38-300x169.png 300w, https:\/\/wp.physik.uni-bielefeld.de\/wp-content\/uploads\/2025\/06\/Bildschirmfoto-2025-06-25-um-15.18.38-1024x578.png 1024w, https:\/\/wp.physik.uni-bielefeld.de\/wp-content\/uploads\/2025\/06\/Bildschirmfoto-2025-06-25-um-15.18.38-768x433.png 768w, https:\/\/wp.physik.uni-bielefeld.de\/wp-content\/uploads\/2025\/06\/Bildschirmfoto-2025-06-25-um-15.18.38.png 1372w\" sizes=\"auto, (max-width: 190px) 100vw, 190px\" \/><\/a><\/p>\n<p>Das Hooke&#8217;sche Gesetz<\/p>\n<p><a href=\"https:\/\/wp.physik.uni-bielefeld.de\/?page_id=369\"><img loading=\"lazy\" decoding=\"async\" class=\"aligncenter wp-image-362\" src=\"https:\/\/wp.physik.uni-bielefeld.de\/wp-content\/uploads\/2024\/11\/Bildschirmfoto-2024-11-27-um-13.58.49-300x181.png\" alt=\"\" width=\"190\" height=\"115\" srcset=\"https:\/\/wp.physik.uni-bielefeld.de\/wp-content\/uploads\/2024\/11\/Bildschirmfoto-2024-11-27-um-13.58.49-300x181.png 300w, https:\/\/wp.physik.uni-bielefeld.de\/wp-content\/uploads\/2024\/11\/Bildschirmfoto-2024-11-27-um-13.58.49-1024x618.png 1024w, https:\/\/wp.physik.uni-bielefeld.de\/wp-content\/uploads\/2024\/11\/Bildschirmfoto-2024-11-27-um-13.58.49-768x464.png 768w, https:\/\/wp.physik.uni-bielefeld.de\/wp-content\/uploads\/2024\/11\/Bildschirmfoto-2024-11-27-um-13.58.49-1536x928.png 1536w, https:\/\/wp.physik.uni-bielefeld.de\/wp-content\/uploads\/2024\/11\/Bildschirmfoto-2024-11-27-um-13.58.49.png 1616w\" sizes=\"auto, (max-width: 190px) 100vw, 190px\" \/><\/a><\/p>\n<p>Kr\u00e4fteaddition<\/p>\n<p><a href=\"https:\/\/wp.physik.uni-bielefeld.de\/?page_id=371\"><img loading=\"lazy\" decoding=\"async\" class=\"aligncenter wp-image-363\" src=\"https:\/\/wp.physik.uni-bielefeld.de\/wp-content\/uploads\/2024\/11\/Bildschirmfoto-2024-11-27-um-14.09.53-300x181.png\" alt=\"\" width=\"190\" height=\"115\" srcset=\"https:\/\/wp.physik.uni-bielefeld.de\/wp-content\/uploads\/2024\/11\/Bildschirmfoto-2024-11-27-um-14.09.53-300x181.png 300w, https:\/\/wp.physik.uni-bielefeld.de\/wp-content\/uploads\/2024\/11\/Bildschirmfoto-2024-11-27-um-14.09.53-1024x617.png 1024w, https:\/\/wp.physik.uni-bielefeld.de\/wp-content\/uploads\/2024\/11\/Bildschirmfoto-2024-11-27-um-14.09.53-768x463.png 768w, https:\/\/wp.physik.uni-bielefeld.de\/wp-content\/uploads\/2024\/11\/Bildschirmfoto-2024-11-27-um-14.09.53-1536x926.png 1536w, https:\/\/wp.physik.uni-bielefeld.de\/wp-content\/uploads\/2024\/11\/Bildschirmfoto-2024-11-27-um-14.09.53.png 1616w\" sizes=\"auto, (max-width: 190px) 100vw, 190px\" \/><\/a><\/p>\n<p>Kr\u00e4fte messen<\/p>\n<p><a href=\"https:\/\/wp.physik.uni-bielefeld.de\/?page_id=451\"><img loading=\"lazy\" decoding=\"async\" class=\"aligncenter wp-image-455\" src=\"https:\/\/wp.physik.uni-bielefeld.de\/wp-content\/uploads\/2025\/11\/Bildschirmfoto-2025-11-07-um-13.48.27-300x186.png\" alt=\"\" width=\"190\" height=\"118\" srcset=\"https:\/\/wp.physik.uni-bielefeld.de\/wp-content\/uploads\/2025\/11\/Bildschirmfoto-2025-11-07-um-13.48.27-300x186.png 300w, https:\/\/wp.physik.uni-bielefeld.de\/wp-content\/uploads\/2025\/11\/Bildschirmfoto-2025-11-07-um-13.48.27-1024x634.png 1024w, https:\/\/wp.physik.uni-bielefeld.de\/wp-content\/uploads\/2025\/11\/Bildschirmfoto-2025-11-07-um-13.48.27-768x476.png 768w, https:\/\/wp.physik.uni-bielefeld.de\/wp-content\/uploads\/2025\/11\/Bildschirmfoto-2025-11-07-um-13.48.27.png 1088w\" sizes=\"auto, (max-width: 190px) 100vw, 190px\" \/><\/a><\/p>\n<p>Kr\u00e4fte und ihre Wirkungen<\/p>\n<p><a href=\"https:\/\/wp.physik.uni-bielefeld.de\/?page_id=443\"><img loading=\"lazy\" decoding=\"async\" class=\"aligncenter wp-image-436\" src=\"https:\/\/wp.physik.uni-bielefeld.de\/wp-content\/uploads\/2025\/11\/Bildschirmfoto-2025-11-06-um-12.38.49-300x179.png\" alt=\"\" width=\"190\" height=\"113\" srcset=\"https:\/\/wp.physik.uni-bielefeld.de\/wp-content\/uploads\/2025\/11\/Bildschirmfoto-2025-11-06-um-12.38.49-300x179.png 300w, https:\/\/wp.physik.uni-bielefeld.de\/wp-content\/uploads\/2025\/11\/Bildschirmfoto-2025-11-06-um-12.38.49-1024x610.png 1024w, https:\/\/wp.physik.uni-bielefeld.de\/wp-content\/uploads\/2025\/11\/Bildschirmfoto-2025-11-06-um-12.38.49-768x458.png 768w, https:\/\/wp.physik.uni-bielefeld.de\/wp-content\/uploads\/2025\/11\/Bildschirmfoto-2025-11-06-um-12.38.49.png 1084w\" sizes=\"auto, (max-width: 190px) 100vw, 190px\" \/><\/a><\/p>\n<p>&nbsp;<\/p>\n<p><a href=\" https:\/\/wp.physik.uni-bielefeld.de\/?page_id=448\"><img loading=\"lazy\" decoding=\"async\" class=\"aligncenter wp-image-446\" src=\"https:\/\/wp.physik.uni-bielefeld.de\/wp-content\/uploads\/2025\/11\/Bildschirmfoto-2025-11-06-um-12.49.16-300x177.png\" alt=\"\" width=\"190\" height=\"112\" srcset=\"https:\/\/wp.physik.uni-bielefeld.de\/wp-content\/uploads\/2025\/11\/Bildschirmfoto-2025-11-06-um-12.49.16-300x177.png 300w, https:\/\/wp.physik.uni-bielefeld.de\/wp-content\/uploads\/2025\/11\/Bildschirmfoto-2025-11-06-um-12.49.16-1024x605.png 1024w, https:\/\/wp.physik.uni-bielefeld.de\/wp-content\/uploads\/2025\/11\/Bildschirmfoto-2025-11-06-um-12.49.16-768x454.png 768w, https:\/\/wp.physik.uni-bielefeld.de\/wp-content\/uploads\/2025\/11\/Bildschirmfoto-2025-11-06-um-12.49.16.png 1100w\" sizes=\"auto, (max-width: 190px) 100vw, 190px\" \/><\/a><\/p>\n<p>Das Hebelgesetz<\/p>\n<p><a href=\"https:\/\/wp.physik.uni-bielefeld.de\/?page_id=373\"><img loading=\"lazy\" decoding=\"async\" class=\"aligncenter wp-image-359\" src=\"https:\/\/wp.physik.uni-bielefeld.de\/wp-content\/uploads\/2024\/11\/Bildschirmfoto-2024-11-27-um-14.05.04-300x182.png\" alt=\"\" width=\"191\" height=\"116\" srcset=\"https:\/\/wp.physik.uni-bielefeld.de\/wp-content\/uploads\/2024\/11\/Bildschirmfoto-2024-11-27-um-14.05.04-300x182.png 300w, https:\/\/wp.physik.uni-bielefeld.de\/wp-content\/uploads\/2024\/11\/Bildschirmfoto-2024-11-27-um-14.05.04-1024x621.png 1024w, https:\/\/wp.physik.uni-bielefeld.de\/wp-content\/uploads\/2024\/11\/Bildschirmfoto-2024-11-27-um-14.05.04-768x466.png 768w, https:\/\/wp.physik.uni-bielefeld.de\/wp-content\/uploads\/2024\/11\/Bildschirmfoto-2024-11-27-um-14.05.04-1536x932.png 1536w, https:\/\/wp.physik.uni-bielefeld.de\/wp-content\/uploads\/2024\/11\/Bildschirmfoto-2024-11-27-um-14.05.04.png 1596w\" sizes=\"auto, (max-width: 191px) 100vw, 191px\" \/><\/a><\/p>\n<p>Der Flaschenzug<\/p>\n<p><a href=\"https:\/\/wp.physik.uni-bielefeld.de\/?page_id=365\"><img loading=\"lazy\" decoding=\"async\" class=\"aligncenter wp-image-360\" src=\"https:\/\/wp.physik.uni-bielefeld.de\/wp-content\/uploads\/2024\/11\/Bildschirmfoto-2024-11-27-um-14.01.55-300x183.png\" alt=\"\" width=\"190\" height=\"116\" srcset=\"https:\/\/wp.physik.uni-bielefeld.de\/wp-content\/uploads\/2024\/11\/Bildschirmfoto-2024-11-27-um-14.01.55-300x183.png 300w, https:\/\/wp.physik.uni-bielefeld.de\/wp-content\/uploads\/2024\/11\/Bildschirmfoto-2024-11-27-um-14.01.55-1024x624.png 1024w, https:\/\/wp.physik.uni-bielefeld.de\/wp-content\/uploads\/2024\/11\/Bildschirmfoto-2024-11-27-um-14.01.55-768x468.png 768w, https:\/\/wp.physik.uni-bielefeld.de\/wp-content\/uploads\/2024\/11\/Bildschirmfoto-2024-11-27-um-14.01.55-1536x936.png 1536w, https:\/\/wp.physik.uni-bielefeld.de\/wp-content\/uploads\/2024\/11\/Bildschirmfoto-2024-11-27-um-14.01.55.png 1614w\" sizes=\"auto, (max-width: 190px) 100vw, 190px\" \/><\/a><\/p>\n<p>Umgang mit dem Federkraftmesser<\/p>\n<p><a href=\"https:\/\/wp.physik.uni-bielefeld.de\/?page_id=367\"><img loading=\"lazy\" decoding=\"async\" class=\"aligncenter wp-image-361\" src=\"https:\/\/wp.physik.uni-bielefeld.de\/wp-content\/uploads\/2024\/11\/Bildschirmfoto-2024-11-27-um-14.12.32-300x168.png\" alt=\"\" width=\"189\" height=\"106\" srcset=\"https:\/\/wp.physik.uni-bielefeld.de\/wp-content\/uploads\/2024\/11\/Bildschirmfoto-2024-11-27-um-14.12.32-300x168.png 300w, https:\/\/wp.physik.uni-bielefeld.de\/wp-content\/uploads\/2024\/11\/Bildschirmfoto-2024-11-27-um-14.12.32-1024x575.png 1024w, https:\/\/wp.physik.uni-bielefeld.de\/wp-content\/uploads\/2024\/11\/Bildschirmfoto-2024-11-27-um-14.12.32-768x431.png 768w, https:\/\/wp.physik.uni-bielefeld.de\/wp-content\/uploads\/2024\/11\/Bildschirmfoto-2024-11-27-um-14.12.32-1536x862.png 1536w, https:\/\/wp.physik.uni-bielefeld.de\/wp-content\/uploads\/2024\/11\/Bildschirmfoto-2024-11-27-um-14.12.32.png 1614w\" sizes=\"auto, (max-width: 189px) 100vw, 189px\" \/><\/a><\/p>\n<h4>Mechanik der Fl\u00fcssigkeiten<\/h4>\n<p>Der Blubberblasenversuch<\/p>\n<p><a href=\"https:\/\/wp.physik.uni-bielefeld.de\/?page_id=247\"><img loading=\"lazy\" decoding=\"async\" class=\"aligncenter wp-image-251\" src=\"https:\/\/wp.physik.uni-bielefeld.de\/wp-content\/uploads\/2024\/06\/Bildschirmfoto-2024-06-11-um-09.49.26-300x180.png\" alt=\"\" width=\"190\" height=\"114\" srcset=\"https:\/\/wp.physik.uni-bielefeld.de\/wp-content\/uploads\/2024\/06\/Bildschirmfoto-2024-06-11-um-09.49.26-300x180.png 300w, https:\/\/wp.physik.uni-bielefeld.de\/wp-content\/uploads\/2024\/06\/Bildschirmfoto-2024-06-11-um-09.49.26-1024x614.png 1024w, https:\/\/wp.physik.uni-bielefeld.de\/wp-content\/uploads\/2024\/06\/Bildschirmfoto-2024-06-11-um-09.49.26-768x461.png 768w, https:\/\/wp.physik.uni-bielefeld.de\/wp-content\/uploads\/2024\/06\/Bildschirmfoto-2024-06-11-um-09.49.26.png 1444w\" sizes=\"auto, (max-width: 190px) 100vw, 190px\" \/><\/a><\/p>\n<h4>Elektrizit\u00e4tslehre<\/h4>\n<p>derzeit in Arbeit<\/p>\n<h4>Optik<\/h4>\n<p>derzeit in Arbeit<\/p>\n<h4>Akustik<\/h4>\n<p>Anregung einer Stimmgabel mit einem Frequenzgenerator<\/p>\n<p><a href=\"https:\/\/wp.physik.uni-bielefeld.de\/?page_id=2\"><img loading=\"lazy\" decoding=\"async\" width=\"1024\" height=\"592\" class=\"wp-image-157 aligncenter\" style=\"width: 190px; height: 110px;\" src=\"https:\/\/wp.physik.uni-bielefeld.de\/wp-content\/uploads\/2024\/04\/Bild_Kachel_Stimmgabel-2-1024x592.png\" alt=\"\" srcset=\"https:\/\/wp.physik.uni-bielefeld.de\/wp-content\/uploads\/2024\/04\/Bild_Kachel_Stimmgabel-2-1024x592.png 1024w, https:\/\/wp.physik.uni-bielefeld.de\/wp-content\/uploads\/2024\/04\/Bild_Kachel_Stimmgabel-2-300x173.png 300w, https:\/\/wp.physik.uni-bielefeld.de\/wp-content\/uploads\/2024\/04\/Bild_Kachel_Stimmgabel-2-768x444.png 768w, https:\/\/wp.physik.uni-bielefeld.de\/wp-content\/uploads\/2024\/04\/Bild_Kachel_Stimmgabel-2.png 1426w\" sizes=\"auto, (max-width: 1024px) 100vw, 1024px\" \/><\/a><\/p>\n<h4>Radioaktivit\u00e4t<\/h4>\n<p>derzeit in Arbeit<\/p>\n<h4>Induktion<\/h4>\n<p>Die Induktion<\/p>\n<p><a href=\"https:\/\/wp.physik.uni-bielefeld.de\/?page_id=399\"><img loading=\"lazy\" decoding=\"async\" class=\"aligncenter wp-image-401\" src=\"https:\/\/wp.physik.uni-bielefeld.de\/wp-content\/uploads\/2025\/01\/Bildschirmfoto-2025-01-28-um-14.07.19-300x188.png\" alt=\"\" width=\"188\" height=\"118\" srcset=\"https:\/\/wp.physik.uni-bielefeld.de\/wp-content\/uploads\/2025\/01\/Bildschirmfoto-2025-01-28-um-14.07.19-300x188.png 300w, https:\/\/wp.physik.uni-bielefeld.de\/wp-content\/uploads\/2025\/01\/Bildschirmfoto-2025-01-28-um-14.07.19-1024x642.png 1024w, https:\/\/wp.physik.uni-bielefeld.de\/wp-content\/uploads\/2025\/01\/Bildschirmfoto-2025-01-28-um-14.07.19-768x481.png 768w, https:\/\/wp.physik.uni-bielefeld.de\/wp-content\/uploads\/2025\/01\/Bildschirmfoto-2025-01-28-um-14.07.19.png 1270w\" sizes=\"auto, (max-width: 188px) 100vw, 188px\" \/><\/a><\/p>\n<p>&nbsp;<\/p>\n<p>Der unbelastete Transformator<\/p>\n<p><a href=\"https:\/\/wp.physik.uni-bielefeld.de\/?page_id=230\"><img loading=\"lazy\" decoding=\"async\" class=\"aligncenter wp-image-232\" src=\"https:\/\/wp.physik.uni-bielefeld.de\/wp-content\/uploads\/2024\/06\/Bildschirmfoto-2024-06-07-um-09.35.21-300x178.png\" alt=\"\" width=\"188\" height=\"112\" srcset=\"https:\/\/wp.physik.uni-bielefeld.de\/wp-content\/uploads\/2024\/06\/Bildschirmfoto-2024-06-07-um-09.35.21-300x178.png 300w, https:\/\/wp.physik.uni-bielefeld.de\/wp-content\/uploads\/2024\/06\/Bildschirmfoto-2024-06-07-um-09.35.21-1024x608.png 1024w, https:\/\/wp.physik.uni-bielefeld.de\/wp-content\/uploads\/2024\/06\/Bildschirmfoto-2024-06-07-um-09.35.21-768x456.png 768w, https:\/\/wp.physik.uni-bielefeld.de\/wp-content\/uploads\/2024\/06\/Bildschirmfoto-2024-06-07-um-09.35.21-1536x912.png 1536w, https:\/\/wp.physik.uni-bielefeld.de\/wp-content\/uploads\/2024\/06\/Bildschirmfoto-2024-06-07-um-09.35.21-2048x1216.png 2048w\" sizes=\"auto, (max-width: 188px) 100vw, 188px\" \/><\/a><\/p>\n<p>&nbsp;<\/p>\n","protected":false},"excerpt":{"rendered":"<p>Auf dieser Seite finden Sie die (interaktiven) Experimentiervideos, die f\u00fcr Sch\u00fcler*innen der Sekundarstufe I geeignet sind. Um sich ein Experimentiervideo anzusehen, klicken Sie bitte auf das entsprechende Bild. Mechanik Beschleunigung an der schiefen Ebene Das Hooke&#8217;sche Gesetz Kr\u00e4fteaddition Kr\u00e4fte messen Kr\u00e4fte und ihre Wirkungen &nbsp; Das Hebelgesetz Der Flaschenzug Umgang mit dem Federkraftmesser Mechanik der [&hellip;]<\/p>\n","protected":false},"author":3,"featured_media":0,"parent":0,"menu_order":0,"comment_status":"closed","ping_status":"closed","template":"","meta":{"_crdt_document":"","footnotes":""},"class_list":["post-209","page","type-page","status-publish","hentry"],"_links":{"self":[{"href":"https:\/\/wp.physik.uni-bielefeld.de\/index.php?rest_route=\/wp\/v2\/pages\/209","targetHints":{"allow":["GET"]}}],"collection":[{"href":"https:\/\/wp.physik.uni-bielefeld.de\/index.php?rest_route=\/wp\/v2\/pages"}],"about":[{"href":"https:\/\/wp.physik.uni-bielefeld.de\/index.php?rest_route=\/wp\/v2\/types\/page"}],"author":[{"embeddable":true,"href":"https:\/\/wp.physik.uni-bielefeld.de\/index.php?rest_route=\/wp\/v2\/users\/3"}],"replies":[{"embeddable":true,"href":"https:\/\/wp.physik.uni-bielefeld.de\/index.php?rest_route=%2Fwp%2Fv2%2Fcomments&post=209"}],"version-history":[{"count":34,"href":"https:\/\/wp.physik.uni-bielefeld.de\/index.php?rest_route=\/wp\/v2\/pages\/209\/revisions"}],"predecessor-version":[{"id":457,"href":"https:\/\/wp.physik.uni-bielefeld.de\/index.php?rest_route=\/wp\/v2\/pages\/209\/revisions\/457"}],"wp:attachment":[{"href":"https:\/\/wp.physik.uni-bielefeld.de\/index.php?rest_route=%2Fwp%2Fv2%2Fmedia&parent=209"}],"curies":[{"name":"wp","href":"https:\/\/api.w.org\/{rel}","templated":true}]}}